{"id":827,"date":"2022-06-04T11:25:05","date_gmt":"2022-06-04T14:25:05","guid":{"rendered":"https:\/\/barretoarrudadespachantes.com.br\/recurso\/?page_id=827"},"modified":"2023-04-14T12:08:33","modified_gmt":"2023-04-14T15:08:33","slug":"licenciamento-anual","status":"publish","type":"page","link":"https:\/\/barretoarrudadespachantes.com.br\/recurso\/licenciamento-anual\/","title":{"rendered":"Licenciamento Anual"},"content":{"rendered":"<h2><strong>Ficou sem tempo de licenciar seu ve\u00edculo esse ano?<br \/>\n<a href=\"https:\/\/barretoarrudadespachantes.com.br\/recurso\/recorrer\/\">Fale com nossos despachantes e fazemos para voc\u00ea e enviamos por PDF!<\/a><\/strong><\/h2>\n<p><a href=\"https:\/\/web.whatsapp.com\/send?phone=5521976535997\" target=\"_blank\" rel=\"noopener\"><img loading=\"lazy\" decoding=\"async\" class=\"aligncenter wp-image-828 size-full\" src=\"https:\/\/barretoarrudadespachantes.com.br\/recurso\/wp-content\/uploads\/2022\/06\/despachante-licenciamento-a.jpg\" alt=\"Licenciamento Anual Online\" width=\"760\" height=\"760\" srcset=\"https:\/\/barretoarrudadespachantes.com.br\/recurso\/wp-content\/uploads\/2022\/06\/despachante-licenciamento-a.jpg 760w, https:\/\/barretoarrudadespachantes.com.br\/recurso\/wp-content\/uploads\/2022\/06\/despachante-licenciamento-a-300x300.jpg 300w, https:\/\/barretoarrudadespachantes.com.br\/recurso\/wp-content\/uploads\/2022\/06\/despachante-licenciamento-a-150x150.jpg 150w\" sizes=\"auto, (max-width: 760px) 100vw, 760px\" \/><\/a><\/p>\n<p><strong>Licencie seu ve\u00edculo sem sair de casa!<\/strong><\/p>\n<p>O Rio de Janeiro \u00e9 um dos primeiros Estados do Brasil a disponibilizar o <strong>servi\u00e7o de licenciamento de modo 100% digital<\/strong>.<br \/>\nNossos despachantes fazem de modo <strong>\u00e1gil e seguro<\/strong> a Emiss\u00e3o da sua Guia de Regulariza\u00e7\u00e3o de Taxas (GRT) , disponibilizando com agilidade seu <strong>CRLV<\/strong> (Certificado de Registro e Licenciamento de Ve\u00edculo) no <strong>menor prazo<\/strong>, junto aos DETRAN-RJ.<\/p>\n<h2><strong>Se voc\u00ea preferir, temos servi\u00e7o de coleta e entrega de seu CRLV impresso, em seu domic\u00edlio ou empresa, com motoboy!<\/strong><\/h2>\n<p><strong><br \/>\n<a href=\"https:\/\/web.whatsapp.com\/send?phone=5521976535997\" class=\"su-button su-button-style-glass\" style=\"color:#FFFFFF;background-color:#1558c9;border-color:#1147a1;border-radius:10px\" target=\"_self\"><span style=\"color:#FFFFFF;padding:8px 26px;font-size:20px;line-height:30px;border-color:#5c8bda;border-radius:10px;text-shadow:none\"><i class=\"sui sui-whatsapp\" style=\"font-size:20px;color:#FFFFFF\"><\/i> PE\u00c7A AGORA<\/span><\/a><\/strong><\/p>\n<p>&nbsp;<\/p>\n","protected":false},"excerpt":{"rendered":"<p>Ficou sem tempo de licenciar seu ve\u00edculo esse ano? Fale com nossos despachantes e fazemos para voc\u00ea e enviamos por PDF! Licencie seu ve\u00edculo sem sair de casa! O Rio de Janeiro \u00e9 um dos primeiros Estados do Brasil a disponibilizar o servi\u00e7o de licenciamento de modo 100% digital. Nossos despachantes fazem de modo \u00e1gil e seguro a Emiss\u00e3o da sua Guia de Regulariza\u00e7\u00e3o de Taxas (GRT) , disponibilizando com agilidade seu CRLV (Certificado de Registro e Licenciamento de Ve\u00edculo) no menor prazo, junto aos DETRAN-RJ. Se voc\u00ea preferir, temos servi\u00e7o de coleta e entrega de seu CRLV impresso, em&#8230; <\/p>\n","protected":false},"author":1,"featured_media":0,"parent":0,"menu_order":0,"comment_status":"closed","ping_status":"closed","template":"","meta":{"_joinchat":[],"footnotes":"","_links_to":"","_links_to_target":""},"class_list":["post-827","page","type-page","status-publish","hentry"],"_links":{"self":[{"href":"https:\/\/barretoarrudadespachantes.com.br\/recurso\/wp-json\/wp\/v2\/pages\/827","targetHints":{"allow":["GET"]}}],"collection":[{"href":"https:\/\/barretoarrudadespachantes.com.br\/recurso\/wp-json\/wp\/v2\/pages"}],"about":[{"href":"https:\/\/barretoarrudadespachantes.com.br\/recurso\/wp-json\/wp\/v2\/types\/page"}],"author":[{"embeddable":true,"href":"https:\/\/barretoarrudadespachantes.com.br\/recurso\/wp-json\/wp\/v2\/users\/1"}],"replies":[{"embeddable":true,"href":"https:\/\/barretoarrudadespachantes.com.br\/recurso\/wp-json\/wp\/v2\/comments?post=827"}],"version-history":[{"count":4,"href":"https:\/\/barretoarrudadespachantes.com.br\/recurso\/wp-json\/wp\/v2\/pages\/827\/revisions"}],"predecessor-version":[{"id":1079,"href":"https:\/\/barretoarrudadespachantes.com.br\/recurso\/wp-json\/wp\/v2\/pages\/827\/revisions\/1079"}],"wp:attachment":[{"href":"https:\/\/barretoarrudadespachantes.com.br\/recurso\/wp-json\/wp\/v2\/media?parent=827"}],"curies":[{"name":"wp","href":"https:\/\/api.w.org\/{rel}","templated":true}]}}