{"id":1314,"date":"2025-02-21T11:30:09","date_gmt":"2025-02-21T14:30:09","guid":{"rendered":"https:\/\/barretoarrudadespachantes.com.br\/recurso\/?page_id=1314"},"modified":"2025-07-02T11:36:21","modified_gmt":"2025-07-02T14:36:21","slug":"despachante-goiania","status":"publish","type":"page","link":"https:\/\/barretoarrudadespachantes.com.br\/recurso\/despachante-goiania\/","title":{"rendered":"Despachante Goiania &#8211; GO"},"content":{"rendered":"<div class=\"su-note\"  style=\"border-color:#e5e5e5;border-radius:3px;-moz-border-radius:3px;-webkit-border-radius:3px;\"><div class=\"su-note-inner su-u-clearfix su-u-trim\" style=\"background-color:#ffffff;border-color:#ffffff;color:#000000;border-radius:3px;-moz-border-radius:3px;-webkit-border-radius:3px;\">\n<h2><strong>Recurso de Multa em Goi\u00e2nia &#8211; GO:<\/strong><\/h2>\n<p>Atendimento Online de recurso de multa e processos administrativos (Lei Seca, Mandat\u00f3ria, Suspens\u00e3o do direito de dirigir, Cassa\u00e7\u00e3o do direito de dirigir, CNH Bloqueada)<br \/>\nWhatsapp:<strong> (21) 97653-5997<\/strong><br \/>\nE-mail: <a href=\"mailto:barretoarrudadespachantes@gmail.com\">barretoarrudadespachantes@gmail.com<\/a><\/p>\n<a href=\"https:\/\/web.whatsapp.com\/send?phone=5521976535997\" class=\"su-button su-button-style-glass\" style=\"color:#FFFFFF;background-color:#079916;border-color:#067b12;border-radius:6px\" target=\"_blank\" rel=\"noopener noreferrer\"><span style=\"color:#FFFFFF;padding:6px 18px;font-size:14px;line-height:21px;border-color:#52b85c;border-radius:6px;text-shadow:none\"><i class=\"sui sui-whatsapp\" style=\"font-size:14px;color:#FFFFFF\"><\/i> WhatsApp<\/span><\/a>\n<\/div><\/div>\n","protected":false},"excerpt":{"rendered":"","protected":false},"author":1,"featured_media":0,"parent":0,"menu_order":0,"comment_status":"closed","ping_status":"closed","template":"","meta":{"_joinchat":[],"footnotes":"","_links_to":"","_links_to_target":""},"class_list":["post-1314","page","type-page","status-publish","hentry"],"_links":{"self":[{"href":"https:\/\/barretoarrudadespachantes.com.br\/recurso\/wp-json\/wp\/v2\/pages\/1314","targetHints":{"allow":["GET"]}}],"collection":[{"href":"https:\/\/barretoarrudadespachantes.com.br\/recurso\/wp-json\/wp\/v2\/pages"}],"about":[{"href":"https:\/\/barretoarrudadespachantes.com.br\/recurso\/wp-json\/wp\/v2\/types\/page"}],"author":[{"embeddable":true,"href":"https:\/\/barretoarrudadespachantes.com.br\/recurso\/wp-json\/wp\/v2\/users\/1"}],"replies":[{"embeddable":true,"href":"https:\/\/barretoarrudadespachantes.com.br\/recurso\/wp-json\/wp\/v2\/comments?post=1314"}],"version-history":[{"count":3,"href":"https:\/\/barretoarrudadespachantes.com.br\/recurso\/wp-json\/wp\/v2\/pages\/1314\/revisions"}],"predecessor-version":[{"id":1357,"href":"https:\/\/barretoarrudadespachantes.com.br\/recurso\/wp-json\/wp\/v2\/pages\/1314\/revisions\/1357"}],"wp:attachment":[{"href":"https:\/\/barretoarrudadespachantes.com.br\/recurso\/wp-json\/wp\/v2\/media?parent=1314"}],"curies":[{"name":"wp","href":"https:\/\/api.w.org\/{rel}","templated":true}]}}